{"id":112,"date":"2015-06-01T22:44:49","date_gmt":"2015-06-01T20:44:49","guid":{"rendered":"http:\/\/jamonespinela.integrasoft.es\/?page_id=112"},"modified":"2022-01-14T18:07:59","modified_gmt":"2022-01-14T17:07:59","slug":"jamon-de-cebo-iberico","status":"publish","type":"page","link":"https:\/\/www.jamonespinela.es\/fr\/jamon-de-cebo-iberico\/","title":{"rendered":"Jambon Ib\u00e9rique"},"content":{"rendered":"<p>[vc_row][vc_column width=\u00a0\u00bb1\/1&Prime;][vc_row_inner][vc_column_inner width=\u00a0\u00bb1\/1&Prime;][vc_column_text]<div class=\"rt_heading_wrapper style-5\">\n\t\t\t\t\t\t<h3 class=\"rt_heading  style-5\" >Jambon Ib\u00e9rique<\/h3>\n\t\t\t\t\t<\/div>[\/vc_column_text][\/vc_column_inner][\/vc_row_inner][vc_row_inner][vc_column_inner width=\u00a0\u00bb1\/2&Prime;][vc_column_text]\n\t\t\t<!-- START jam REVOLUTION SLIDER 6.7.34 --><p class=\"rs-p-wp-fix\"><\/p>\n\t\t\t<rs-module-wrap id=\"rev_slider_3_3_wrapper\" data-source=\"gallery\" style=\"visibility:hidden;background:#E9E9E9;padding:0;margin:0px auto;margin-top:0;margin-bottom:0;\">\n\t\t\t\t<rs-module id=\"rev_slider_3_3\" style=\"\" data-version=\"6.7.34\">\n\t\t\t\t\t<rs-slides style=\"overflow: hidden; position: absolute;\">\n\t\t\t\t\t\t<rs-slide style=\"position: absolute;\" data-key=\"rs-5\" data-title=\"Jam\u00f3n Iberico\" data-link=\"\/jamon-de-cebo-iberico\" data-tag=\"l\" data-target=\"_self\" data-seoz=\"front\" data-duration=\"4000\" data-anim=\"ms:1500;r:0;\" data-in=\"x:-100%;\">\n\t\t\t\t\t\t\t<img decoding=\"async\" src=\"\/\/www.jamonespinela.es\/wp-content\/plugins\/revslider\/sr6\/assets\/assets\/dummy.png\" alt=\"\" title=\"Jamon\" width=\"1280\" height=\"720\" class=\"rev-slidebg tp-rs-img rs-lazyload\" data-lazyload=\"\/\/www.jamonespinela.es\/wp-content\/uploads\/2019\/02\/Jamon-rotated-e1614014322702.jpg\" data-bg=\"f:contain;\" data-no-retina>\n<!---->\t\t\t\t\t<\/rs-slide>\n\t\t\t\t\t\t<rs-slide style=\"position: absolute;\" data-key=\"rs-9\" data-title=\"Slide\" data-link=\"\/jamon-de-cebo-iberico\" data-tag=\"l\" data-target=\"_self\" data-seoz=\"front\" data-duration=\"4000\" data-anim=\"ms:1500;r:0;\" data-in=\"x:-100%;\">\n\t\t\t\t\t\t\t<img decoding=\"async\" src=\"\/\/www.jamonespinela.es\/wp-content\/plugins\/revslider\/sr6\/assets\/assets\/dummy.png\" alt=\"\" title=\"Court of a typical Jamon Iberico ham from Spain\" width=\"850\" height=\"565\" class=\"rev-slidebg tp-rs-img rs-lazyload\" data-lazyload=\"\/\/www.jamonespinela.es\/wp-content\/uploads\/2021\/03\/cuchilo-y-jamon.jpg\" data-bg=\"f:contain;\" data-no-retina>\n<!---->\t\t\t\t\t<\/rs-slide>\n\t\t\t\t\t<\/rs-slides>\n\t\t\t\t<\/rs-module>\n\t\t\t\t<script>\n\t\t\t\t\tsetREVStartSize({c: 'rev_slider_3_3',rl:[1240,1024,768,480],el:[160],gw:[275],gh:[160],type:'standard',justify:'',layout:'fullwidth',mh:\"0\"});if (window.RS_MODULES!==undefined && window.RS_MODULES.modules!==undefined && window.RS_MODULES.modules[\"revslider33\"]!==undefined) {window.RS_MODULES.modules[\"revslider33\"].once = false;window.revapi3_3 = undefined;if (window.RS_MODULES.checkMinimal!==undefined) window.RS_MODULES.checkMinimal()}\n\t\t\t\t<\/script>\n\t\t\t<\/rs-module-wrap>\n\t\t\t<!-- END REVOLUTION SLIDER -->\n[\/vc_column_text][\/vc_column_inner][vc_column_inner width=\u00a0\u00bb1\/2&Prime;][vc_column_text]<strong>C\u00f3de EAN 13:<\/strong> 843700648720 C<br \/>\n<strong>Poids approx. par unit\u00e9:<\/strong> 6-9 Kg<br \/>\n<strong>Unit\u00e9s par bo\u00eete:<\/strong> 1 \u00f3 2<br \/>\n<strong>Unit\u00e9s par box:<\/strong> 100<br \/>\n<strong>Boites de 2 unit\u00e9s, par palette:<\/strong> 28[\/vc_column_text][\/vc_column_inner][\/vc_row_inner][vc_row_inner][vc_column_inner width=\u00a0\u00bb1\/2&Prime;][vc_column_text]<b>DESCRIPTION:<\/b><\/p>\n<p>Produit: JAMBON (patte arri\u00e8re du porc)<\/p>\n<p>Race: IB\u00c9RIQUE<\/p>\n<p>Alimentation: CEBO (\u00e0 base de fourrage et de l\u00e9gumes)<\/p>\n<p>Temp d\u00b4\u00e9laboration: 20-24 mois.[\/vc_column_text][\/vc_column_inner][\/vc_row_inner][vc_row_inner][vc_column_inner width=\u00a0\u00bb1\/1&Prime;][vc_column_text]<strong>PRESENTATIONS:<br \/>\n<\/strong><\/p>\n<p>Nos produits sont principalement commercialis\u00e9s par pi\u00e8ces enti\u00e8res. Le jambon est plac\u00e9 dans sac en toile blanche et livr\u00e9e dans son emballage carton. Cependant, nous proposons aussi le produit d\u00e9soss\u00e9 et emball\u00e9 sous vide ou pr\u00e9sent\u00e9 en tranches et emball\u00e9 sous atmosph\u00e8re prot\u00e9g\u00e9e (100g-150g- 200g).<\/p>\n<p><strong>DATE LIMITE DE CONSOMMATION<\/strong>: 1 an \u00e0 partir de la date d\u00b4\u00e9mission.<\/p>\n<p><strong>CONDITIONS DE CONSOMMATION<\/strong>: Le jambon ib\u00e9rique ne n\u00e9cessite aucune pr\u00e9paration pr\u00e9alable \u00e0 la consommation, puisque c&rsquo;est un produit qui peut \u00eatre consomm\u00e9e sans aucun traitement qui est recommand\u00e9 \u00e0 temp\u00e9rature ambiante pour appr\u00e9cier toute l&rsquo;\u00e9tendue de ses caract\u00e9ristiques organoleptiques. Si le produit est d\u00e9sosse ou le tranchage, doive \u00eatre conserv\u00e9 \u00e0 une temp\u00e9rature de 0-5 \u00b0 C (32-40\u00baF) ouvrir le paquet dix minutes et \u00e0 temp\u00e9rature ambiante, avant de consommer.[\/vc_column_text][\/vc_column_inner][\/vc_row_inner][\/vc_column][\/vc_row]<\/p>","protected":false},"excerpt":{"rendered":"<p>[vc_row][vc_column width=\u00a0\u00bb1\/1&Prime;][vc_row_inner][vc_column_inner width=\u00a0\u00bb1\/1&Prime;][vc_column_text][\/vc_column_text][\/vc_column_inner][\/vc_row_inner][vc_row_inner][vc_column_inner width=\u00a0\u00bb1\/2&Prime;][vc_column_text][\/vc_column_text][\/vc_column_inner][vc_column_inner width=\u00a0\u00bb1\/2&Prime;][vc_column_text]C\u00f3de EAN 13: 843700648720 C Poids approx. par unit\u00e9: 6-9 Kg Unit\u00e9s par bo\u00eete: 1 \u00f3 2 Unit\u00e9s par box: 100 Boites de 2 unit\u00e9s, par palette: 28[\/vc_column_text][\/vc_column_inner][\/vc_row_inner][vc_row_inner][vc_column_inner width=\u00a0\u00bb1\/2&Prime;][vc_column_text]DESCRIPTION: Produit: JAMBON (patte arri\u00e8re du porc) Race: IB\u00c9RIQUE Alimentation: CEBO (\u00e0 base de fourrage et de l\u00e9gumes) Temp d\u00b4\u00e9laboration: 20-24 mois.[\/vc_column_text][\/vc_column_inner][\/vc_row_inner][vc_row_inner][vc_column_inner width=\u00a0\u00bb1\/1&Prime;][vc_column_text]PRESENTATIONS: [&hellip;]<\/p>\n","protected":false},"author":1,"featured_media":0,"parent":0,"menu_order":0,"comment_status":"closed","ping_status":"open","template":"","meta":{"footnotes":""},"class_list":["post-112","page","type-page","status-publish","hentry"],"_links":{"self":[{"href":"https:\/\/www.jamonespinela.es\/fr\/wp-json\/wp\/v2\/pages\/112","targetHints":{"allow":["GET"]}}],"collection":[{"href":"https:\/\/www.jamonespinela.es\/fr\/wp-json\/wp\/v2\/pages"}],"about":[{"href":"https:\/\/www.jamonespinela.es\/fr\/wp-json\/wp\/v2\/types\/page"}],"author":[{"embeddable":true,"href":"https:\/\/www.jamonespinela.es\/fr\/wp-json\/wp\/v2\/users\/1"}],"replies":[{"embeddable":true,"href":"https:\/\/www.jamonespinela.es\/fr\/wp-json\/wp\/v2\/comments?post=112"}],"version-history":[{"count":23,"href":"https:\/\/www.jamonespinela.es\/fr\/wp-json\/wp\/v2\/pages\/112\/revisions"}],"predecessor-version":[{"id":446,"href":"https:\/\/www.jamonespinela.es\/fr\/wp-json\/wp\/v2\/pages\/112\/revisions\/446"}],"wp:attachment":[{"href":"https:\/\/www.jamonespinela.es\/fr\/wp-json\/wp\/v2\/media?parent=112"}],"curies":[{"name":"wp","href":"https:\/\/api.w.org\/{rel}","templated":true}]}}

Jambon Ibérique

<p>[vc_row][vc_column width= »1/1&Prime;][vc_row_inner][vc_column_inner width= »1/1&Prime;][vc_column_text]<div class="rt_heading_wrapper style-5">
						<h3 class="rt_heading  style-5" >Jambon Ibérique</h3>
					</div>[/vc_column_text][/vc_column_inner][/vc_row_inner][vc_row_inner][vc_column_inner width= »1/2&Prime;][vc_column_text]
			<!-- START jam REVOLUTION SLIDER 6.7.34 --><p class="rs-p-wp-fix"></p>
			<rs-module-wrap id="rev_slider_3_3_wrapper" data-source="gallery" style="visibility:hidden;background:#E9E9E9;padding:0;margin:0px auto;margin-top:0;margin-bottom:0;">
				<rs-module id="rev_slider_3_3" style="" data-version="6.7.34">
					<rs-slides style="overflow: hidden; position: absolute;">
						<rs-slide style="position: absolute;" data-key="rs-5" data-title="Jamón Iberico" data-link="/jamon-de-cebo-iberico" data-tag="l" data-target="_self" data-seoz="front" data-duration="4000" data-anim="ms:1500;r:0;" data-in="x:-100%;">
							<img decoding="async" src="//www.jamonespinela.es/wp-content/plugins/revslider/sr6/assets/assets/dummy.png" alt="" title="Jamon" width="1280" height="720" class="rev-slidebg tp-rs-img rs-lazyload" data-lazyload="//www.jamonespinela.es/wp-content/uploads/2019/02/Jamon-rotated-e1614014322702.jpg" data-bg="f:contain;" data-no-retina>
<!---->					</rs-slide>
						<rs-slide style="position: absolute;" data-key="rs-9" data-title="Slide" data-link="/jamon-de-cebo-iberico" data-tag="l" data-target="_self" data-seoz="front" data-duration="4000" data-anim="ms:1500;r:0;" data-in="x:-100%;">
							<img decoding="async" src="//www.jamonespinela.es/wp-content/plugins/revslider/sr6/assets/assets/dummy.png" alt="" title="Court of a typical Jamon Iberico ham from Spain" width="850" height="565" class="rev-slidebg tp-rs-img rs-lazyload" data-lazyload="//www.jamonespinela.es/wp-content/uploads/2021/03/cuchilo-y-jamon.jpg" data-bg="f:contain;" data-no-retina>
<!---->					</rs-slide>
					</rs-slides>
				</rs-module>
				<script>
					setREVStartSize({c: 'rev_slider_3_3',rl:[1240,1024,768,480],el:[160],gw:[275],gh:[160],type:'standard',justify:'',layout:'fullwidth',mh:"0"});if (window.RS_MODULES!==undefined && window.RS_MODULES.modules!==undefined && window.RS_MODULES.modules["revslider33"]!==undefined) {window.RS_MODULES.modules["revslider33"].once = false;window.revapi3_3 = undefined;if (window.RS_MODULES.checkMinimal!==undefined) window.RS_MODULES.checkMinimal()}
				</script>
			</rs-module-wrap>
			<!-- END REVOLUTION SLIDER -->
[/vc_column_text][/vc_column_inner][vc_column_inner width= »1/2&Prime;][vc_column_text]<strong>Códe EAN 13:</strong> 843700648720 C<br />
<strong>Poids approx. par unité:</strong> 6-9 Kg<br />
<strong>Unités par boîte:</strong> 1 ó 2<br />
<strong>Unités par box:</strong> 100<br />
<strong>Boites de 2 unités, par palette:</strong> 28[/vc_column_text][/vc_column_inner][/vc_row_inner][vc_row_inner][vc_column_inner width= »1/2&Prime;][vc_column_text]<b>DESCRIPTION:</b></p>
<p>Produit: JAMBON (patte arrière du porc)</p>
<p>Race: IBÉRIQUE</p>
<p>Alimentation: CEBO (à base de fourrage et de légumes)</p>
<p>Temp d´élaboration: 20-24 mois.[/vc_column_text][/vc_column_inner][/vc_row_inner][vc_row_inner][vc_column_inner width= »1/1&Prime;][vc_column_text]<strong>PRESENTATIONS:<br />
</strong></p>
<p>Nos produits sont principalement commercialisés par pièces entières. Le jambon est placé dans sac en toile blanche et livrée dans son emballage carton. Cependant, nous proposons aussi le produit désossé et emballé sous vide ou présenté en tranches et emballé sous atmosphère protégée (100g-150g- 200g).</p>
<p><strong>DATE LIMITE DE CONSOMMATION</strong>: 1 an à partir de la date d´émission.</p>
<p><strong>CONDITIONS DE CONSOMMATION</strong>: Le jambon ibérique ne nécessite aucune préparation préalable à la consommation, puisque c&rsquo;est un produit qui peut être consommée sans aucun traitement qui est recommandé à température ambiante pour apprécier toute l&rsquo;étendue de ses caractéristiques organoleptiques. Si le produit est désosse ou le tranchage, doive être conservé à une température de 0-5 ° C (32-40ºF) ouvrir le paquet dix minutes et à température ambiante, avant de consommer.[/vc_column_text][/vc_column_inner][/vc_row_inner][/vc_column][/vc_row]</p>

<p>[vc_row][vc_column width= »1/1&Prime;][vc_row_inner][vc_column_inner width= »1/1&Prime;][vc_column_text][/vc_column_text][/vc_column_inner][/vc_row_inner][vc_row_inner][vc_column_inner width= »1/2&Prime;][vc_column_text][/vc_column_text][/vc_column_inner][vc_column_inner width= »1/2&Prime;][vc_column_text]Códe EAN 13: 843700648720 C Poids approx. par unité: 6-9 Kg Unités par boîte: 1 ó 2 Unités par box: 100 Boites de 2 unités, par palette: 28[/vc_column_text][/vc_column_inner][/vc_row_inner][vc_row_inner][vc_column_inner width= »1/2&Prime;][vc_column_text]DESCRIPTION: Produit: JAMBON (patte arrière du porc) Race: IBÉRIQUE Alimentation: CEBO (à base de fourrage et de légumes) Temp d´élaboration: 20-24 mois.[/vc_column_text][/vc_column_inner][/vc_row_inner][vc_row_inner][vc_column_inner width= »1/1&Prime;][vc_column_text]PRESENTATIONS: [&hellip;]</p>
